{"id":1246,"date":"2021-11-25T02:26:19","date_gmt":"2021-11-25T02:26:19","guid":{"rendered":"http:\/\/mau1.maudep.com.vn\/ath\/?post_type=product&#038;p=1246"},"modified":"2021-11-25T02:27:14","modified_gmt":"2021-11-25T02:27:14","slug":"lam-chan-nang-hinh-dau-dan","status":"publish","type":"product","link":"http:\/\/mau1.maudep.com.vn\/ath\/?product=lam-chan-nang-hinh-dau-dan","title":{"rendered":"Lam ch\u1eafn n\u1eafng h\u00ecnh \u0111\u1ea7u \u0111\u1ea1n"},"content":{"rendered":"<h3><strong>LAM CH\u1eaeN N\u1eaeNG \u0110\u1ea6U \u0110\u1ea0N \u2013\u00a0<\/strong><strong>BULLETS SUN LOUVER<\/strong><\/h3>\n<h2><strong>M\u00f4 t\u1ea3:<\/strong><\/h2>\n<p>Lam ch\u1eafn n\u1eafng \u0111\u1ea7u \u0111\u1ea1n \u2013 l\u00e0 d\u00f2ng s\u1ea3n ph\u1ea9m v\u1edbi nhi\u1ec1u \u01b0u \u0111i\u1ec3m, \u0111\u01b0\u1ee3c s\u1eed d\u1ee5ng r\u1ed9ng r\u00e3i \u1edf nhi\u1ec1u c\u00f4ng tr\u00ecnh \u0111em l\u1ea1i t\u00ednh th\u1ea9m m\u1ef9 v\u00e0 hi\u1ec7u qu\u1ea3 s\u1eed d\u1ee5ng cao. H\u1ec7 ch\u1eafn n\u1eafng g\u1ed3m c\u00e1c thanh ch\u1edbp c\u00f3 nhi\u1ec1u th\u00e0nh ph\u1ea7n, thanh \u0111\u1ebf gi\u1eefa ch\u1ea1y d\u00e0i d\u1ecdc c\u00e1c lam li\u00ean k\u1ebft v\u00e0o c\u00e1c h\u1ec7 k\u1ebft c\u1ea5u \u0111\u1ee1 c\u00f3 s\u1eb5n ho\u1eb7c l\u1eafp th\u00eam theo chi\u1ec1u d\u1ecdc b\u1eb1ng v\u00edt t\u1ef1 khoan ti\u00eau chu\u1ea9n..<\/p>\n<p>H\u1ec7 th\u1ed1ng lam ch\u1eafn n\u1eafng vi\u00ean \u0111\u1ea1n \u0111\u01b0\u1ee3c \u1ee9ng d\u1ee5ng r\u1ed9ng r\u00e3i trong c\u00e1c tr\u01b0\u1eddng h\u1ee3p ch\u1eafn n\u1eafng th\u1eb3ng, hay g\u00f3c nghi\u00eang. S\u1ea3n ph\u1ea9m mang \u0111\u1ebfn c\u1ea3m gi\u00e1c nh\u1eb9 v\u00e0 thanh tho\u00e1t m\u1ec1m m\u1ea1i. H\u1ec7 th\u1ed1ng lam ch\u1eafn n\u1eafng \u0111\u01b0\u1ee3c thi c\u00f4ng theo c\u00e1c \u1ee9ng d\u1ee5ng: G\u00f3c nghi\u00eang, n\u1eb1m ngang, th\u1eb3ng \u0111\u1ee9ng, k\u1ebft h\u1ee3p.<\/p>\n<h3><strong>\u0110\u1eb7c \u0111i\u1ec3m h\u1ec7 lam ch\u1eafn n\u1eafng \u0111\u1ea7u \u0111\u1ea1n (<\/strong><strong>BULLETS SUN LOUVER<\/strong><strong>)<\/strong><\/h3>\n<h3><strong>\u00a0\u2013 Thanh lam ch\u1eafn n\u1eafng:<\/strong><\/h3>\n<p>+ \u0110\u01b0\u1ee3c l\u00e0m t\u1eeb h\u1ee3p kim nh\u00f4m cao c\u1ea5p.<\/p>\n<p>+ \u0110\u1ed9 d\u00e0y: 1.0 \u2013 2.0 mm.<\/p>\n<p>+ Chi\u1ec1u d\u00e0i thanh lam t\u1ed1i \u0111a: 6m.<\/p>\n<p>+ B\u1ec1 m\u1eb7t \u0111\u01b0\u1ee3c s\u01a1n t\u0129nh \u0111i\u1ec7n ho\u1eb7c anod.<\/p>\n<h3><strong>\u00a0\u2013 Khung \u0111\u1ee1: \u0110\u01b0\u1ee3c s\u1eed d\u1ee5ng r\u1ea5t \u0111a d\u1ea1ng<\/strong><\/h3>\n<p>+ Lam ch\u1eafn n\u1eafng h\u00ecnh \u0111\u1ea7u \u0111\u1ea1n c\u00f3 th\u1ec3 l\u1eafp \u0111\u1eb7t theo 03 c\u00e1ch: d\u1ef1ng \u0111\u1ee9ng (Option 01), n\u1eb1m ngang (Option 02), treo ng\u01b0\u1ee3c (Option 03).<br \/>\n+ Chi\u1ec1u d\u00e0i m\u1ed7i thanh lam \u0111\u1ea7u \u0111\u1ea1n \u2264 6000mm.<br \/>\n+ Kh\u1ea3 n\u0103ng v\u01b0\u1ee3t nh\u1ecbp gi\u1eefa c\u00e1c lam l\u1edbn: \u2264 3000mm.<br \/>\n+ Kho\u1ea3ng c\u00e1ch t\u1ed1i \u0111a gi\u1eefa c\u01a1 c\u1ea5u \u0111\u1ee1 \u1edf c\u00e1c h\u00ecnh th\u1ee9c l\u1eafp \u0111\u1eb7t kh\u00e1c nhau s\u1ebd kh\u00e1c nhau:<br \/>\n* \u0110\u1ed1i v\u1edbi h\u1ec7 lam \u0111\u1ea7u \u0111\u1ea1n treo ng\u01b0\u1ee3c kho\u1ea3ng c\u00e1ch t\u1ed1i \u0111a c\u1ee7a c\u01a1 c\u1ea5u \u0111\u1ee1: 1000mm.<br \/>\n* \u0110\u1ed1i v\u1edbi h\u1ec7 lam \u0111\u1ea7u \u0111\u1ea1n n\u1eb1m ngang v\u00e0 d\u1ef1ng \u0111\u1ee9ng kho\u1ea3ng c\u00e1ch t\u1ed1i \u0111a c\u1ee7a c\u01a1 c\u1ea5u \u0111\u1ee1: 2.500mm.<br \/>\n+ Kho\u1ea3ng c\u00e1ch l\u1eafp \u0111\u1eb7t gi\u1eefa c\u00e1c lam c\u00f3 th\u1ec3 thay \u0111\u1ed5i t\u00f9y theo y\u00eau c\u1ea7u kh\u00e1ch h\u00e0ng, c\u00f3 th\u1ec3: 100mm, 150mm, 200mm.<\/p>\n<h2><strong>C\u1ea5u t\u1ea1o v\u00e0 l\u1eafp \u0111\u1eb7t lam nh\u00f4m ch\u1eafn n\u1eafng \u0111\u1ea7u \u0111\u1ea1n:<\/strong><\/h2>\n<p>Thanh c\u00f3 h\u00ecnh d\u00e1ng h\u00ecnh vi\u00ean \u0111\u1ea1n c\u00f3 chi\u1ec1u d\u00e0y +\/-6mm.<\/p>\n<p>Kh\u1ea3 n\u0103ng v\u01b0\u1ee3t nh\u1ecbp l\u00e0 2.5m.<\/p>\n<p>B\u1ec1 m\u1eb7t \u0111\u01b0\u1ee3c ph\u1ee7 m\u1ed9t l\u1edbp ph\u1ee5 gia nhi\u1ec7t c\u00f3 th\u1ec3 tr\u01a1n ph\u1eb3ng ho\u1eb7c \u0111\u1ee5c l\u1ed7.<\/p>\n<p>M\u00e0u s\u1eafc \u0111a d\u1ea1ng \u0111\u01b0\u1ee3c b\u1ea3o v\u1ec7 b\u1eb1ng l\u1edbp PVDF, s\u01a1n t\u0129nh \u0111i\u1ec7n ch\u1ed1ng l\u00e3o h\u00f3a v\u00e0 phai m\u00e0u, m\u00e0u s\u1eafc tinh t\u1ebf v\u00e0 t\u01b0\u01a1i s\u00e1ng.<\/p>\n<p>Gi\u1ea3m ti\u1ebfng \u1ed3n ch\u1ed1ng ch\u00f3i s\u00e1ng v\u00e0 ch\u1ed1ng tia c\u1ef1c t\u00edm, gi\u1ea3m thi\u1ec3u t\u00e1c h\u1ea1i c\u1ee7a tia c\u1ef1c t\u00edm.<\/p>\n<p>T\u1ea3i tr\u1ecdng nh\u1eb9 c\u00f3 th\u1ec3 l\u1eafp li\u1ec1n v\u1edbi c\u1ea5u tr\u00fac c\u00f3 s\u1eb5n ho\u1eb7c l\u1eafp r\u1ed3i b\u1eb1ng h\u1ec7 treo khung n\u1ed1i.<\/p>\n<p>Mang v\u1ebb \u0111\u1eb9p th\u1ea9m m\u1ef9, ch\u1eafc ch\u1eafn v\u00e0 hi\u1ec7u qu\u1ea3 an to\u00e0n cho ng\u01b0\u1eddi s\u1eed d\u1ee5ng.<\/p>\n<p>Ki\u1ec3m so\u00e1t \u0111\u01b0\u1ee3c \u00e1nh s\u00e1ng kh\u00fac x\u1ea1 v\u00e0o nh\u00e0.<\/p>\n<p>Gi\u00fap ti\u1ebft ki\u1ec7m n\u0103ng l\u01b0\u1ee3ng cho ng\u00f4i nh\u00e0, tr\u00e1nh hi\u1ec7n t\u01b0\u1ee3ng ph\u1ea3n chi\u1ebfu \u00e1nh s\u00e1ng.<\/p>\n<p><img loading=\"lazy\" class=\"size-medium wp-image-1248 aligncenter\" src=\"http:\/\/mau1.maudep.com.vn\/ath\/wp-content\/uploads\/2021\/11\/6-3-600x450-533x400.jpg\" alt=\"\" width=\"533\" height=\"400\" srcset=\"http:\/\/mau1.maudep.com.vn\/ath\/wp-content\/uploads\/2021\/11\/6-3-600x450-533x400.jpg 533w, http:\/\/mau1.maudep.com.vn\/ath\/wp-content\/uploads\/2021\/11\/6-3-600x450.jpg 600w\" sizes=\"(max-width: 533px) 100vw, 533px\" \/><\/p>\n<h3><strong>C\u00e1c \u1ee9ng d\u1ee5ng<\/strong><\/h3>\n<p>\u0110\u01b0\u1ee3c s\u1edf d\u1ee5ng trong c\u00e1c nh\u00e0 x\u00e2y d\u1ef1ng v\u1edbi ho\u1eb7c c\u00e1c nh\u00e0 c\u1ea3i t\u1ea1o l\u1ea1i m\u1eb7t ti\u1ec1n.<\/p>\n<p>Th\u00edch h\u1ee3p cho c\u00e1c c\u00f4ng tr\u00ecnh cao t\u1ea7ng, d\u00e2n d\u1ee5ng, c\u00f4ng c\u1ed9ng\u2026<\/p>\n<h2><strong>\u01afu \u0111i\u1ec3m lam ch\u1eafn n\u1eafng \u0111\u1ea7u \u0111\u1ea1n:<\/strong><\/h2>\n<p>H\u1ec7 lam ch\u1eafn n\u1eafng c\u00f3 th\u00ea\u0309 ki\u00ea\u0309m so\u00e1t v\u00e0 \u0111i\u00ea\u0300u ch\u1ec9nh \u00e1nh s\u00e1ng m\u1eb7t tr\u1eddi chi\u00ea\u0301u v\u00e0o nh\u00e0 v\u1edbi c\u00e1c c\u00e1c \u01b0u \u0111i\u00ea\u0309m sau:<br \/>\n+ Ki\u00ea\u0309m so\u00e1t v\u00e0 \u0111i\u00ea\u0300u ch\u1ec9nh l\u01b0\u1ee3ng \u00e1nh s\u00e1ng kh\u00fac x\u1ea1 v\u00e0o nh\u00e0.<br \/>\n+ Gi\u1ea3m ti\u1ebfng \u1ed3n, \u0111\u00f4\u0323 ch\u00f3i s\u00e1ng v\u00e0 ng\u0103n ch\u1eb7n \u00e1nh s\u00e1ng c\u00f3 h\u1ea1i.<br \/>\n+ Ng\u0103n ng\u1eeba hi\u00ea\u0323n t\u01b0\u1ee3ng ph\u1ea3n chi\u00ea\u0301u \u00e1nh s\u00e1ng.<br \/>\n+ Ki\u00ea\u0309m so\u00e1t nhi\u00ea\u0323t \u0111\u00f4\u0323 trong ph\u00f2ng v\u00e0 ti\u00ea\u0301t ki\u00ea\u0323m n\u0103ng l\u01b0\u1ee3ng.<br \/>\n+ Do t\u1ea3i tr\u1ecdng nh\u1eb9 c\u00f3 th\u1ec3 g\u1eafn v\u00e0o b\u1ea5t k\u1ef3 lo\u1ea1i c\u1ea5u tr\u00fac c\u00f3 s\u1eb5n,ho\u1eb7c l\u1eafp r\u1eddi b\u1eb1ng h\u1ec7 khung treo n\u1ed5i.<br \/>\n+ S\u1eed d\u1ee5ng trong c\u00e1c t\u00f2a nh\u00e0 m\u1edbi c\u0169ng nh\u01b0 trong t\u00e1i c\u01a1 c\u1ea5u l\u1ea1i m\u1eb7t ti\u1ec1n hi\u1ec7n c\u00f3.<br \/>\n+ Mang l\u1ea1i v\u1ebb \u0111\u1eb9p m\u1ef9 quan v\u00e0 ch\u1eafn n\u1eafng hi\u1ec7u qu\u1ea3.<\/p>\n<p>Qu\u00fd kh\u00e1ch c\u00f3 nhu c\u1ea7u v\u1ec1 h\u1ec7 lam ch\u1eafn n\u1eafng, c\u1eeda nh\u00f4m k\u00ednh, h\u1ec7 v\u00e1ch d\u1ef1ng, lan can k\u00ednh, v\u00e1ch k\u00ednh c\u00f3 th\u1ec3 li\u00ean h\u1ec7 v\u1edbi c\u00e1c chuy\u00ean gia nh\u00f4m k\u00ednh c\u1ee7a\u00a0<strong> C\u00d4NG TY TNHH TH\u01af\u01a0NG M\u1ea0I V\u00c0 QU\u1ed0C T\u1ebe ATH\u00a0<\/strong>\u0111\u1ec3 \u0111\u01b0\u1ee3c c\u00e1c chuy\u00ean gia t\u01b0 v\u1ea5n mi\u1ec5n ph\u00ed.<\/p>\n<p><span style=\"font-size: 115%;\"><strong>Hotline : 0968 032 422 \u00a0\u2013 0982 164 688 \u00a0Mr. Ninh<\/strong><\/span><\/p>\n<p>R\u1ea5t h\u00e2n h\u1ea1nh\u00a0\u0111\u01b0\u1ee3c ph\u1ee5c v\u1ee5 qu\u00fd kh\u00e1ch!<\/p>\n","protected":false},"excerpt":{"rendered":"<p>H\u1ec7 th\u1ed1ng lam ch\u1eafn n\u1eafng \u0111\u1ea7u \u0111\u1ea1n \u0111\u01b0\u1ee3c \u1ee9ng d\u1ee5ng r\u1ed9ng r\u00e3i trong c\u00e1c tr\u01b0\u1eddng h\u1ee3p ch\u1eafn n\u1eafng th\u1eb3ng, hay g\u00f3c nghi\u00eang.<\/p>\n<p>S\u1ea3n ph\u1ea9m mang \u0111\u1ebfn c\u1ea3m gi\u00e1c nh\u1eb9 v\u00e0 thanh tho\u00e1t m\u1ec1m m\u1ea1i.<\/p>\n<p>H\u1ec7 th\u1ed1ng lam ch\u1eafn n\u1eafng \u0111\u1ea7u \u0111\u1ea1n \u0111\u01b0\u1ee3c thi c\u00f4ng theo c\u00e1c \u1ee9ng d\u1ee5ng: G\u00f3c nghi\u00eang, n\u1eb1m ngang, th\u1eb3ng \u0111\u1ee9ng, k\u1ebft h\u1ee3p.<\/p>\n","protected":false},"featured_media":1249,"comment_status":"open","ping_status":"closed","template":"","meta":[],"product_cat":[138,129],"product_tag":[143,142,144],"_links":{"self":[{"href":"http:\/\/mau1.maudep.com.vn\/ath\/index.php?rest_route=\/wp\/v2\/product\/1246"}],"collection":[{"href":"http:\/\/mau1.maudep.com.vn\/ath\/index.php?rest_route=\/wp\/v2\/product"}],"about":[{"href":"http:\/\/mau1.maudep.com.vn\/ath\/index.php?rest_route=\/wp\/v2\/types\/product"}],"replies":[{"embeddable":true,"href":"http:\/\/mau1.maudep.com.vn\/ath\/index.php?rest_route=%2Fwp%2Fv2%2Fcomments&post=1246"}],"wp:featuredmedia":[{"embeddable":true,"href":"http:\/\/mau1.maudep.com.vn\/ath\/index.php?rest_route=\/wp\/v2\/media\/1249"}],"wp:attachment":[{"href":"http:\/\/mau1.maudep.com.vn\/ath\/index.php?rest_route=%2Fwp%2Fv2%2Fmedia&parent=1246"}],"wp:term":[{"taxonomy":"product_cat","embeddable":true,"href":"http:\/\/mau1.maudep.com.vn\/ath\/index.php?rest_route=%2Fwp%2Fv2%2Fproduct_cat&post=1246"},{"taxonomy":"product_tag","embeddable":true,"href":"http:\/\/mau1.maudep.com.vn\/ath\/index.php?rest_route=%2Fwp%2Fv2%2Fproduct_tag&post=1246"}],"curies":[{"name":"wp","href":"https:\/\/api.w.org\/{rel}","templated":true}]}}